5. Let w be 4 + -1 - (-2)/d. Let q be (-99)/(-5) - 14/(-70). What is the greatest common divisor of q and w?
5
Suppose -r + z = 5 - 7, -5*r - 3*z = -2. Calculate the greatest common divisor of 9 and r.
1
Suppose -m + 3*m + 998 = 5*d, 2*d - m = 400. Calculate the greatest common factor of d and 18.
18
Suppose 4*i + 3*b = 195, -4*i + 130 = -2*b - 40. Let p be 1242/i + 6/15. Calculate the highest common divisor of p and 42.
14
Let q be 18/22 + 4/22. Let n be q/(-4) + (-3899)/(-28). Let z = n + -13. Calculate the highest common factor of 14 and z.
14
Suppose -7*u + 3672 = 27*u. Calculate the greatest common factor of 378 and u.
54
Suppose 2*x + 2*r - 674 = 190, -3*x + r + 1276 = 0. Calculate the greatest common divisor of 7 and x.
7
Let u(h) = -h**3 - 9*h**2 - 9*h + 17. Suppose 0*l + 2*n = -2*l - 24, 0 = 3*l + 2*n + 32. Let k be u(l). Calculate the highest common divisor of k and 25.
25
Let z = 362 - 202. Suppose 0 = 7*g - 2*g + z. Let u be (-32 + 0)/(g/48). What is the greatest common factor of u and 6?
6
Suppose -6*d + 5*j = -5*d - 66, -2*d + 5*j = -117. What is the highest common divisor of d and 1020?
51
Let o be 16/(-80) - (-771)/5. Calculate the highest common factor of 1771 and o.
77
Let v = 2026 + -778. Calculate the highest common divisor of v and 39.
39
Let b(w) = 2*w**2 + 8*w - 8. Let a be b(-5). Suppose -190 + 12 = -a*n - c, 3*n + 2*c - 266 = 0. Calculate the greatest common divisor of 60 and n.
30
Let v = -4 - -6. Suppose -v*w = -6*w + 8. Suppose -4 = -w*r + 164. What is the highest common divisor of r and 12?
12
Suppose a + 322 = 2*t, -5*t = -0*t + a - 812. Calculate the greatest common factor of 12 and t.
6
Let r = 152 - 57. Calculate the highest common factor of r and 57.
19
Let t(o) = 2*o**2 - 31*o + 12. Let r be t(15). Let h be 2*26*(-2)/(-8) - r. Calculate the greatest common divisor of h and 24.
8
Let h(i) = i**3 + 19*i**2 + 29*i + 65. Let w be h(-16). Calculate the highest common divisor of w and 9.
9
Let t(x) = 9*x - 1. Let z(u) = -18*u + 2. Let w(l) = -10*t(l) - 4*z(l). Let j be w(-1). Suppose -6 = m - j. What is the highest common divisor of m and 56?
14
Let o(f) = -f - 8. Let s be o(-11). Suppose 3*m = -3*t + 18, -3*t + s*m = -0*m - 24. Let g = -15 + 29. What is the highest common factor of t and g?
7
Let x = -53 - -74. Let h = x - -6. Let v(l) = -l - 17. Let r be v(-20). Calculate the greatest common factor of h and r.
3
Let z = -79 + 79. Suppose -3*o - 2*n = -n - 140, z = 4*n - 20. Calculate the highest common divisor of 27 and o.
9
Let t = -340 + 442. Calculate the greatest common factor of 34 and t.
34
Suppose 23*t = 19*t + 16. Suppose -2*s - 47 = -t*s + f, 0 = 2*f + 10. Calculate the highest common factor of 231 and s.
21
Suppose 3*w - 5*o - 440 = 0, -w + 4*o + 185 - 43 = 0. What is the highest common divisor of w and 25?
25
Suppose -17 = -3*i - 5, r = 4*i + 608. Calculate the highest common divisor of 234 and r.
78
Suppose -2*a + 220 = 4*b + a, 0 = 2*b - 4*a - 88. Let s = b - 40. What is the greatest common divisor of s and 4?
4
Let v(a) = -a**3 - 5*a**2 - 2*a - 7. Let i be v(-5). Suppose -i*u + 28 = -5. Let f be (18/(-2))/(-1)*u. What is the greatest common factor of 9 and f?
9
Let u = -605 - -1225. Calculate the greatest common factor of u and 20.
20
Suppose 2*s - 812 + 280 = -3*u, 5*u - 885 = -3*s. Suppose u = 19*n - 149. Calculate the highest common factor of 187 and n.
17
Let g be 12/14 - (-840)/49. Calculate the greatest common factor of 261 and g.
9
Let v = -1 - -5. Suppose 2*o = n - 14, -83*n = -86*n + o + 27. What is the highest common divisor of n and v?
4
Let n(z) = -3*z + 2 + 6 - 5 + 1. Let m be n(-5). Suppose 2*k + 5*o - 257 + 1 = 0, 0 = -2*k - 3*o + 260. What is the highest common factor of m and k?
19
Let c(p) = -2*p**2 - 36*p - 17. Let k be c(-17). What is the greatest common factor of k and 272?
17
Suppose 5*j + 1 = -9, 3*d = -2*j + 176. Calculate the highest common factor of d and 80.
20
Let z(k) = -2*k + 3*k**2 + 0*k**2 + k. Let h be z(5). What is the greatest common divisor of 14 and h?
14
Let c = 179 + -175. What is the highest common factor of 18 and c?
2
Suppose -5*h + 1262 + 788 = 0. What is the highest common factor of h and 164?
82
Suppose -27*s + 672 = -6*s. What is the highest common divisor of 64 and s?
32
Let q be 4 + 3/6*6. Suppose 6*v - q*v = -14. Let u be v/35 - 126/(-10). Calculate the highest common divisor of u and 117.
13
Suppose 12*n + 6080 = 44*n. Calculate the greatest common divisor of n and 70.
10
Suppose 4*k + d = 114, -11 = -2*k + 4*d + 37. Suppose -2662 = -4*n + 5*r - 2624, 0 = -n + 3*r + 13. What is the greatest common factor of n and k?
7
Let k = -96 + 136. Let b(n) = -48*n - 36. Let w(s) = 7*s + 5. Let h(u) = 3*b(u) + 20*w(u). Let v be h(-6). Calculate the greatest common divisor of k and v.
8
Let t(d) = -d**3 - 13*d**2 + 50*d + 53. Let b be t(-16). What is the highest common factor of b and 6?
3
Suppose 0 = -4*h, -4*m + 5*h - 180 = -0*m. Let o = m + 37. Let d = 30 + o. What is the greatest common factor of d and 198?
22
Suppose 4*b - 13*b = -72. Let h be (78/b)/((-21)/(-112)). What is the greatest common divisor of h and 208?
52
Suppose -z = 2*v - 61, 5*v + 0*z - 152 = -2*z. Let q be (-6 - -4)/((-3)/v). Calculate the highest common divisor of q and 30.
10
Suppose -122 = -2*c - 3*s + s, 0 = c - 2*s - 76. Let k = 5 - 11. Let u be 2/k - (-34)/3. What is the highest common divisor of u and c?
11
Suppose -2*s = 4*l - 188 - 40, -l = -4*s + 420. What is the highest common factor of s and 3286?
106
Suppose -w = -4*p - 356, -w + 189 = -p - 152. Calculate the greatest common divisor of w and 24.
24
Let a = -39 + 54. Suppose 0 = -13*w + 14*w - 75. Calculate the greatest common factor of w and a.
15
Suppose -7*i + 337 = 43. Calculate the greatest common divisor of 12 and i.
6
Let s be 0/5 - 1*-33. Let f = 7 - 3. Suppose -9 = -7*v + f*v. What is the greatest common divisor of v and s?
3
Suppose 14*r = 10 + 158. What is the highest common factor of 21 and r?
3
Suppose g = 4*q + 17, 0 = 3*g - 5*g + q + 27. Suppose -g = 2*p - 233. Suppose 4*n - 21 - 67 = 0. What is the highest common factor of p and n?
22
Let o be 1 - 2*2/(-4). Suppose 3*f - 49 = -7*y + 2*y, o*f - 39 = 3*y. Calculate the highest common factor of 6 and f.
6
Let d be (-255)/(-7) + (-56)/(-98). Suppose 4*a - 71 - d = 0. What is the greatest common divisor of a and 3?
3
Let y = 12 - 9. Let x(o) = 2 - 12*o**y + 7*o + o**3 + o**2 - 4*o. Let k be x(-2). What is the greatest common divisor of 8 and k?
8
Suppose 15 - 71 = -4*c. Suppose -108*a = -107*a - 56. What is the highest common factor of c and a?
14
Let o be 390/54 - 3 - 4/18. Let h = -46 + 78. Calculate the highest common divisor of h and o.
4
Suppose 0 = i + i - 20. Let y(s) = 11*s + 4 - 2*s**2 + 10*s**2 - 3*s**3 + 4*s**3. Let n be y(-6). What is the highest common factor of i and n?
10
Suppose p - 3*p - 2*f + 160 = 0, f = 0. Calculate the greatest common divisor of p and 64.
16
Suppose -27*x + 32*x = 145. Let p(c) = c**3 - 2*c**2 - 17*c - 10. Let b be p(7). Calculate the greatest common divisor of x and b.
29
Let m = -317 + 509. Calculate the greatest common factor of m and 144.
48
Let i = 330 - -210. Suppose 35 + i = 5*g. Suppose 0 = -2*j + 6 + 40. What is the highest common divisor of j and g?
23
Let o(c) = 41*c**3 + c**2 - c + 1. Let r be -1 - -5 - (-8 - -11). Let j be o(r). Calculate the highest common divisor of 14 and j.
14
Suppose -47*w + 2221 = -7179. What is the highest common factor of 8 and w?
8
Let o(y) = 3*y - 13. Let s be o(6). Suppose 31 = -s*v + 136. Calculate the greatest common divisor of v and 21.
21
Let x(d) = -d + 54. Let b be x(32). What is the highest common factor of 2 and b?
2
Let u be (5 - 4) + 3 + 81. Let k = u + -37. What is the highest common factor of 32 and k?
16
Suppose -2*n = 8*n - 60. Suppose 3*d = n*d - 162. What is the greatest common divisor of 12 and d?
6
Suppose 5*t - 76 = -3*v + 19, 0 = 4*v + 5*t - 125. Calculate the greatest common divisor of 75 and v.
15
Let m be (0 - (-1 + 2)) + 3. Suppose 0 = m*f, -2*c = c - 3*f - 189. Suppose 0 = 3*v + g - 129, v - 81 = -v + g. Calculate the highest common divisor of v and c.
21
Let b = -96 + 167. Let x be (-2 - b/(-4)) + (-7)/(-28). Calculate the highest common factor of x and 16.
16
